{"id":57,"date":"2020-01-17T09:57:55","date_gmt":"2020-01-17T09:57:55","guid":{"rendered":"http:\/\/asn.drenai.net\/?page_id=57"},"modified":"2022-02-11T09:18:59","modified_gmt":"2022-02-11T09:18:59","slug":"mafl","status":"publish","type":"page","link":"http:\/\/mafl.drenai.net\/?page_id=57","title":{"rendered":"MAFL"},"content":{"rendered":"<p>Die <strong>M<\/strong>ajor <strong>A<\/strong>storian <strong>F<\/strong>ootball <strong>L<\/strong>eague wurde 2014 mit 25 Teams gegr\u00fcndet. Die 25 Teams sind in f\u00fcnf Conferences aufgeteilt. Die Spiele innerhalb der Conferences bilden die Regular Season. Das jeweils beste Team erh\u00e4lt dann die Walter-Camp-Trophy. Die Cedar Creek Brawlers haben bislang als einziges Team die Trophy zwei Mal (2014 und 2017) gewonnen; Chan Sen Fire ist bislang das einzige Team, welches die Trophy ohne Niederlage (2016) gewinnen konnte.<\/p>\n<p>Die Gareth Rangers sind das erste Team, welches den Memorial Bowl zwei Mal gewannen, 2016 und 2020. Sie waren das zweite Team sein, dass das Finale erreichte.<\/p>\n<p>Insgesamt haben die Hybertinia Dragons als erstes Team die Conference schon vier Mal (2014, 2015, 2017 und 2018) gewonnen, die Choste Nightcrawlers machten es ihnen dann nach (2014, 2016, 2018 und 2019). Die Choste Nightcrawlers sind das bislang einzige Team, welches bisher an allen Play Offs teilnahm. Die Hong Nam Outlaws haben noch nie die Play Offs erreicht.<\/p>\n<p>Bisher konnten nur die New Barnstorvia Lions als einziges Team die Trophy und den Memorial Bowl im gleichen Jahr gewinnen (2018).<\/p>\n<p><span style=\"display: inline !important; float: none; background-color: #ffffff; color: #333333; cursor: text; font-family: 'Lato',sans-serif; font-size: 16px; font-style: normal; font-variant: normal; font-weight: 400; letter-spacing: normal; orphans: 2; text-align: left; text-decoration: none; text-indent: 0px; text-transform: none; -webkit-text-stroke-width: 0px; white-space: normal; word-spacing: 0px;\">Seit 2016 gibt es auch eine Pre-Season, in denen die f\u00fcnf Conferences gegeneinander antreten. Die Lombardi Conference ist die einzige, die an den ersten vier Finals teilnahm und auch verlor. Die Brady Conference gewann nach 2017 auch 2019 als erstes Team den SuperiorBowl zwei Mal, die Thrope Conference konnte dies nach einem Sieg 2016 mit dem zweiten Sieg 2020 ebenfalls schaffen. Die Young Conference hat noch nie das Finale erreicht.<\/span><\/p>\n<h2>Top 10 der MAFL<\/h2>\n<h2><span style=\"display: inline !important; float: none; background-color: #ffffff; color: #333333; cursor: text; font-family: 'Lato',sans-serif; font-size: 16px; font-style: normal; font-variant: normal; font-weight: 400; letter-spacing: normal; orphans: 2; text-align: left; text-decoration: none; text-indent: 0px; text-transform: none; -webkit-text-stroke-width: 0px; white-space: normal; word-spacing: 0px;\"><div class=\"sportspress sp-widget-align-none\"><div class=\"sp-template sp-template-league-table\">\n\t<div class=\"sp-table-wrapper\"><table class=\"sp-league-table sp-league-table-470 sp-data-table sp-sortable-table sp-scrollable-table sp-paginated-table\" data-sp-rows=\"25\"><thead><tr><th class=\"data-rank\">Pos<\/th><th class=\"data-name\">Mannschaft<\/th><th class=\"data-s\">S<\/th><th class=\"data-n\">N<\/th><th class=\"data-pkt\">+Pkt<\/th><th class=\"data-pkt-2\">-Pkt<\/th><th class=\"data-diff\">Diff.<\/th><th class=\"data-serie\">Serie<\/th><\/tr><\/thead><tbody><tr class=\"odd sp-row-no-0\"><td class=\"data-rank\" data-label=\"Pos\">1<\/td><td class=\"data-name\" data-label=\"Mannschaft\">Nightcrawlers<\/td><td class=\"data-s\" data-label=\"S\">58<\/td><td class=\"data-n\" data-label=\"N\">37<\/td><td class=\"data-pkt\" data-label=\"+Pkt\">2236<\/td><td class=\"data-pkt-2\" data-label=\"-Pkt\">1818<\/td><td class=\"data-diff\" data-label=\"Diff.\">418<\/td><td class=\"data-serie\" data-label=\"Serie\"><span style=\"color:#1cbe37\">S2<\/span><\/td><\/tr><tr class=\"even sp-row-no-1\"><td class=\"data-rank\" data-label=\"Pos\">2<\/td><td class=\"data-name\" data-label=\"Mannschaft\">Dragons<\/td><td class=\"data-s\" data-label=\"S\">51<\/td><td class=\"data-n\" data-label=\"N\">38<\/td><td class=\"data-pkt\" data-label=\"+Pkt\">1956<\/td><td class=\"data-pkt-2\" data-label=\"-Pkt\">1705<\/td><td class=\"data-diff\" data-label=\"Diff.\">251<\/td><td class=\"data-serie\" data-label=\"Serie\"><span style=\"color:#ef0909\">N3<\/span><\/td><\/tr><tr class=\"odd sp-row-no-2\"><td class=\"data-rank\" data-label=\"Pos\">3<\/td><td class=\"data-name\" data-label=\"Mannschaft\">Stallions<\/td><td class=\"data-s\" data-label=\"S\">51<\/td><td class=\"data-n\" data-label=\"N\">41<\/td><td class=\"data-pkt\" data-label=\"+Pkt\">2043<\/td><td class=\"data-pkt-2\" data-label=\"-Pkt\">1948<\/td><td class=\"data-diff\" data-label=\"Diff.\">95<\/td><td class=\"data-serie\" data-label=\"Serie\"><span style=\"color:#ef0909\">N1<\/span><\/td><\/tr><tr class=\"even sp-row-no-3\"><td class=\"data-rank\" data-label=\"Pos\">4<\/td><td class=\"data-name\" data-label=\"Mannschaft\">Rangers<\/td><td class=\"data-s\" data-label=\"S\">50<\/td><td class=\"data-n\" data-label=\"N\">41<\/td><td class=\"data-pkt\" data-label=\"+Pkt\">2033<\/td><td class=\"data-pkt-2\" data-label=\"-Pkt\">1793<\/td><td class=\"data-diff\" data-label=\"Diff.\">240<\/td><td class=\"data-serie\" data-label=\"Serie\"><span style=\"color:#ef0909\">N1<\/span><\/td><\/tr><tr class=\"odd sp-row-no-4\"><td class=\"data-rank\" data-label=\"Pos\">5<\/td><td class=\"data-name\" data-label=\"Mannschaft\">Brawlers<\/td><td class=\"data-s\" data-label=\"S\">49<\/td><td class=\"data-n\" data-label=\"N\">38<\/td><td class=\"data-pkt\" data-label=\"+Pkt\">1970<\/td><td class=\"data-pkt-2\" data-label=\"-Pkt\">1785<\/td><td class=\"data-diff\" data-label=\"Diff.\">185<\/td><td class=\"data-serie\" data-label=\"Serie\"><span style=\"color:#ef0909\">N1<\/span><\/td><\/tr><tr class=\"even sp-row-no-5\"><td class=\"data-rank\" data-label=\"Pos\">6<\/td><td class=\"data-name\" data-label=\"Mannschaft\">Steelers<\/td><td class=\"data-s\" data-label=\"S\">49<\/td><td class=\"data-n\" data-label=\"N\">42<\/td><td class=\"data-pkt\" data-label=\"+Pkt\">1853<\/td><td class=\"data-pkt-2\" data-label=\"-Pkt\">1799<\/td><td class=\"data-diff\" data-label=\"Diff.\">54<\/td><td class=\"data-serie\" data-label=\"Serie\"><span style=\"color:#ef0909\">N4<\/span><\/td><\/tr><tr class=\"odd sp-row-no-6\"><td class=\"data-rank\" data-label=\"Pos\">7<\/td><td class=\"data-name\" data-label=\"Mannschaft\">Knights<\/td><td class=\"data-s\" data-label=\"S\">48<\/td><td class=\"data-n\" data-label=\"N\">40<\/td><td class=\"data-pkt\" data-label=\"+Pkt\">1832<\/td><td class=\"data-pkt-2\" data-label=\"-Pkt\">1922<\/td><td class=\"data-diff\" data-label=\"Diff.\">-90<\/td><td class=\"data-serie\" data-label=\"Serie\"><span style=\"color:#ef0909\">N1<\/span><\/td><\/tr><tr class=\"even sp-row-no-7\"><td class=\"data-rank\" data-label=\"Pos\">8<\/td><td class=\"data-name\" data-label=\"Mannschaft\">Metallians<\/td><td class=\"data-s\" data-label=\"S\">48<\/td><td class=\"data-n\" data-label=\"N\">44<\/td><td class=\"data-pkt\" data-label=\"+Pkt\">1952<\/td><td class=\"data-pkt-2\" data-label=\"-Pkt\">1977<\/td><td class=\"data-diff\" data-label=\"Diff.\">-25<\/td><td class=\"data-serie\" data-label=\"Serie\"><span style=\"color:#ef0909\">N1<\/span><\/td><\/tr><tr class=\"odd sp-row-no-8\"><td class=\"data-rank\" data-label=\"Pos\">9<\/td><td class=\"data-name\" data-label=\"Mannschaft\">Outsiders<\/td><td class=\"data-s\" data-label=\"S\">47<\/td><td class=\"data-n\" data-label=\"N\">42<\/td><td class=\"data-pkt\" data-label=\"+Pkt\">1993<\/td><td class=\"data-pkt-2\" data-label=\"-Pkt\">1842<\/td><td class=\"data-diff\" data-label=\"Diff.\">151<\/td><td class=\"data-serie\" data-label=\"Serie\"><span style=\"color:#ef0909\">N1<\/span><\/td><\/tr><tr class=\"even sp-row-no-9\"><td class=\"data-rank\" data-label=\"Pos\">10<\/td><td class=\"data-name\" data-label=\"Mannschaft\">Hornets<\/td><td class=\"data-s\" data-label=\"S\">45<\/td><td class=\"data-n\" data-label=\"N\">40<\/td><td class=\"data-pkt\" data-label=\"+Pkt\">1819<\/td><td class=\"data-pkt-2\" data-label=\"-Pkt\">1696<\/td><td class=\"data-diff\" data-label=\"Diff.\">123<\/td><td class=\"data-serie\" data-label=\"Serie\"><span style=\"color:#ef0909\">N1<\/span><\/td><\/tr><\/tbody><\/table><\/div><div class=\"sp-league-table-link sp-view-all-link\"><a href=\"http:\/\/mafl.drenai.net\/?sp_table=ewige-mafl-tabelle\">Vollst\u00e4ndige Tabelle ansehen<\/a><\/div><\/div>\n<\/div><br \/>\n<\/span><\/h2>\n<p><em>Seit 2020 stehen die Nightcrawlers an der Spitze. Von 2014 bis 2015, sowie 2017 bis 2019 waren es die Dragons. Dazwischen (2016) standen die Knights an der Spitze.<br \/>\n<\/em><\/p>\n<p>&nbsp;<\/p>\n","protected":false},"excerpt":{"rendered":"<p>Die Major Astorian Football League wurde 2014 mit 25 Teams gegr\u00fcndet. Die 25 Teams sind in f\u00fcnf Conferences aufgeteilt. Die Spiele innerhalb der Conferences bilden die Regular Season. Das jeweils beste Team erh\u00e4lt dann die Walter-Camp-Trophy. Die Cedar Creek Brawlers haben bislang als einziges Team die Trophy zwei Mal (2014 und 2017) gewonnen; Chan Sen [&hellip;]<\/p>\n","protected":false},"author":1,"featured_media":0,"parent":0,"menu_order":0,"comment_status":"closed","ping_status":"closed","template":"","meta":{"footnotes":""},"class_list":["post-57","page","type-page","status-publish","hentry"],"_links":{"self":[{"href":"http:\/\/mafl.drenai.net\/index.php?rest_route=\/wp\/v2\/pages\/57","targetHints":{"allow":["GET"]}}],"collection":[{"href":"http:\/\/mafl.drenai.net\/index.php?rest_route=\/wp\/v2\/pages"}],"about":[{"href":"http:\/\/mafl.drenai.net\/index.php?rest_route=\/wp\/v2\/types\/page"}],"author":[{"embeddable":true,"href":"http:\/\/mafl.drenai.net\/index.php?rest_route=\/wp\/v2\/users\/1"}],"replies":[{"embeddable":true,"href":"http:\/\/mafl.drenai.net\/index.php?rest_route=%2Fwp%2Fv2%2Fcomments&post=57"}],"version-history":[{"count":11,"href":"http:\/\/mafl.drenai.net\/index.php?rest_route=\/wp\/v2\/pages\/57\/revisions"}],"predecessor-version":[{"id":2660,"href":"http:\/\/mafl.drenai.net\/index.php?rest_route=\/wp\/v2\/pages\/57\/revisions\/2660"}],"wp:attachment":[{"href":"http:\/\/mafl.drenai.net\/index.php?rest_route=%2Fwp%2Fv2%2Fmedia&parent=57"}],"curies":[{"name":"wp","href":"https:\/\/api.w.org\/{rel}","templated":true}]}}